2. List the prime factors of j.
2
Let p = 35 + -12. List the prime factors of p.
23
Let l = 7 - 5. Let n be -1 + l - (1 - 8). Suppose -4*f - 5*a = -n*f + 13, -10 = -4*f + 2*a. List the prime factors of f.
2
Suppose 0 = 2*l - 0*l - 3*t - 8, -46 = -3*l - 4*t. Suppose 0*q + q = 0. Suppose n = l - q. What are the prime factors of n?
2, 5
Let v be 6/(-4)*8/(-3). Suppose -1 = v*h - 13. Suppose h*c + 2*r = 55, -5*c = -2*c + 4*r - 53. What are the prime factors of c?
19
Suppose 0 = 3*j - 2*t + t - 323, -113 = -j - 5*t. List the prime factors of j.
2, 3
Let q = 7 + -9. What are the prime factors of -21*1*(q + 1)?
3, 7
Let f(a) = -5*a**3 + 4*a**2 + 4*a - 4. What are the prime factors of f(-2)?
2, 11
Suppose 0*c = -3*c + 60. Suppose -3*s + 2*n + 10 = n, -4*n + c = 3*s. List the prime factors of s.
2
Suppose -3*s - 14 = 10. Let w be (400/(-28) - 4/(-14))/1. Let c = s - w. What are the prime factors of c?
2, 3
Let o be 3*(-2)/3 - 86. Let j be o/(-2) + 2 + -4. List the prime factors of j/8 - (-2)/(-8).
5
Let t = 20 + -10. Let g be (-1 + 1)/(-11 - -9). Suppose -2*d + d + t = g. List the prime factors of d.
2, 5
Suppose 0 = -2*t + 3 + 5. Let o(i) = i**2 + 2*i - 9. What are the prime factors of o(t)?
3, 5
Suppose 0 = 3*l + 3*q - 102, -5*l + l = -5*q - 91. What are the prime factors of l?
29
Suppose -122 = -2*m + 168. Let f = 204 - m. Let j = f + -41. List the prime factors of j.
2, 3
Let y = -158 + 251. List the prime factors of y.
3, 31
Suppose 5*w - 5*a = 15, -3*a + 0 = -12. Suppose -3*f + w*f = 0. Suppose f = -5*g, -v + 9 = 2*g - 6. What are the prime factors of v?
3, 5
Suppose 4*j - 75 = j. Let a = j - 11. What are the prime factors of a?
2, 7
Let m(l) = l**3 - 9*l**2 - l + 12. Let c(o) = -10*o - 1. Let a be c(-1). What are the prime factors of m(a)?
3
Suppose -5*d + b = 39, d + 6 + 5 = b. Let l = 11 + d. What are the prime factors of l?
2
Suppose -3*x - 254 = -668. Let i = -75 + x. Suppose 0 = 3*g + 3 - i. What are the prime factors of g?
2, 5
Let n(h) = -h**3 + h**2 + h - 1. Let k be n(1). Suppose -3*l + 0*g + 48 = 3*g, l - 2*g - 7 = k. List the prime factors of l.
13
Let z(v) = 6*v - 16. List the prime factors of z(11).
2, 5
Suppose 0 = 4*n - 9*n + 110. List the prime factors of n.
2, 11
Let s = 69 + 170. List the prime factors of s.
239
Suppose 5*l = -5 + 25, -4*o + 180 = 3*l. List the prime factors of o.
2, 3, 7
Suppose -3*b - 7 = -2*a, 2*a = -0*b + 2*b + 4. What are the prime factors of (-13)/(-3) - a/(-3)?
2
Let q(z) = 4*z**2 + z**3 - 17 - 9*z**2 + 1 - 6*z**2 - 10*z. Let m be q(12). What are the prime factors of (m/(-4))/(1/(-7))?
2, 7
Let d be (-2)/4 - 9/(-2). Suppose -2*m - f = m - 14, -d = f. Let p = -3 + m. List the prime factors of p.
3
Let j be (11*1)/(8/40). Let o = j - 34. What are the prime factors of o?
3, 7
Let l(w) = w**2 + 6*w - 5. Let c be l(-7). Suppose -c*z = -66 - 16. List the prime factors of z.
41
Suppose 0 = 3*x + 10*x - 741. List the prime factors of x.
3, 19
Suppose 4*x - 455 = -5*r - 93, 2*r = -5*x + 444. List the prime factors of x.
2, 11
Suppose -5*d = 8 - 28. Suppose 5*w = 5, u - d*w - 2 = -0. Suppose -f + 15 = 3*s, 5*s - 3 - u = f. What are the prime factors of f?
2, 3
Suppose 0 = 3*r - 12 - 9. List the prime factors of r.
7
Let b(n) = -n**2 - 19*n - 23. What are the prime factors of b(-14)?
47
Let t(w) = -w**3 + 3*w**2 + 4*w. Let c be t(4). Suppose -2*l + 4*l - 4 = c. Suppose 23 + 1 = l*s. List the prime factors of s.
2, 3
Suppose 0*u + 4 = 2*u. List the prime factors of 66/9 - u/(-3).
2
Let q = 53 + -35. Let t = -9 + q. What are the prime factors of t?
3
Let h = 9 + 49. What are the prime factors of h?
2, 29
Suppose 0 = 4*q - 6*q. Let p = q + 14. List the prime factors of p.
2, 7
Let s(v) = 2*v**3 - 6*v**2 + 4*v - 5. Let i be s(4). Suppose -i = -x - 3*d, 3*d - 99 = -7*x + 4*x. What are the prime factors of x?
2, 7
Suppose 0 = -5*m - 5*y + 50, -5*m = 2*y - 37 + 2. Suppose -m*g + 30 = -10. What are the prime factors of g?
2
Let z be (-10)/4 - 2/4. Let b(p) = -p**2 - 5*p - 3. Let w be b(z). Suppose w*f - 42 = -9. What are the prime factors of f?
11
Let m = -10 + 30. Suppose -g - 4*v = g - 6, -4*v - m = 0. What are the prime factors of g?
13
Let m = 30 - 10. What are the prime factors of m?
2, 5
Suppose i + 195 = 4*u - 29, 4*u = -3*i - 752. Let z be i/(-10) - 8/20. Suppose 7*n - 3*n = z. List the prime factors of n.
2, 3
Let x(h) = -h**3 + 10*h**2 + 13*h - 15. What are the prime factors of x(11)?
7
Let t be (1 - -5)/(2/(-17)). Let y(c) = 9*c + 5. Let m be y(-4). Let o = m - t. What are the prime factors of o?
2, 5
Suppose -4*q - 4*f + 40 = 0, -3*q + 46 = -0*q - f. Let i be 2/(-7) - (-100)/7. Suppose i = 4*t - q. What are the prime factors of t?
7
Let q(s) = -s**2 + 4*s - 5. Let w be q(6). Let x = 34 + w. What are the prime factors of x?
17
Let r(m) = m**3 + 10*m**2 + 2*m - 3. List the prime factors of r(-7).
2, 5, 13
Let j(p) = p**3 - 3*p**2 - 4. Suppose -4*i + 3*i + 5 = 0. What are the prime factors of j(i)?
2, 23
Let z = -1 + 1. Suppose -y + 8 + 4 = z. List the prime factors of y.
2, 3
Let y be 0*(-2)/(8/2). Let h = y + 2. List the prime factors of h.
2
Suppose -5*k = -1623 + 243. List the prime factors of k.
2, 3, 23
Let c(k) = k**3 - 6*k**2 - k + 2. Let o be c(6). Let n(u) = u**3 + 4*u**2 + 4*u - 5. Let v be n(o). Let x = -5 - v. List the prime factors of x.
2
Let g = 14 + -11. What are the prime factors of 0 - (-31 + 2) - g?
2, 13
Let r(d) = -22*d - 19. List the prime factors of r(-5).
7, 13
Let a(o) = o + 17. Let w be a(-8). Suppose 2*z = 3*z - w. What are the prime factors of z?
3
Let b(l) = -l**2 + 7*l + 4. Let u be b(4). Let j = 6 - u. What are the prime factors of (-34)/(-10) - (-4)/j?
3
Suppose -4*l - 2*g + 10 + 2 = 0, 0 = -5*g + 10. Suppose -7*q - 15 = -l*q. Let d = q + 8. What are the prime factors of d?
5
What are the prime factors of (-9)/((-9)/68) + -4?
2
Let g(s) = -s**2 - 6*s - 5. Suppose 3*a = -2*z + 15, -3*a - 3*z = -12 - 6. Suppose a*n = w - 12, -n + 2*n + 4 = 2*w. What are the prime factors of g(n)?
3
Let i(n) = 11*n + 3. Let a be i(-3). Let k = a - -55. Let l = k - 15. What are the prime factors of l?
2, 5
What are the prime factors of 4/(-4 - -2) - 5*-39?
193
Let r = 160 - 100. Let s = r + -41. What are the prime factors of s?
19
Let b be (-4 - -5)*(1 + -6). Let c = b - -8. What are the prime factors of c?
3
Let h be -2 + 3 + 0 + 2. Suppose h*j = -0*j + 9. What are the prime factors of j?
3
Suppose 4*c - 5*j = 524, 0 = -c - 4*j + 5*j + 131. List the prime factors of c.
131
Let r = 93 - 29. List the prime factors of r.
2
Let b be (-6)/(-10)*5/1. Suppose 2*f + b*f - 475 = 0. Suppose 0 = -3*w - 2*w + f. List the prime factors of w.
19
Let n(q) = q**3 + 3*q**2 - 2*q - 3. Suppose -3*i + 19 = 5*b, i + i = -b + 1. Suppose 5*m = -2*t - t + 11, -4*t - 32 = -b*m. List the prime factors of n(t).
3
Let f = -3 - 4. Let k = 10 + f. Suppose -k*x - y = 3*y, 22 = 4*x - 2*y. What are the prime factors of x?
2
Suppose 21 + 4 = -5*a. Let v = 8 + a. Suppose -j + 39 = 5*t, 6*t = 4*t + v*j + 19. List the prime factors of t.
2
Let z = 3 - 0. Suppose -3*t + t - z*x + 36 = 0, t - x = 8. Suppose -4 + t = 4*v. What are the prime factors of v?
2
Let j(t) = 3*t + 37. What are the prime factors of j(18)?
7, 13
Let v(c) = 3*c**2 + 5*c - 3. List the prime factors of v(-7).
109
Let g(b) be the second derivative of -b**3 + b**2/2 - 2*b. List the prime factors of g(-3).
19
Let y(l) = 2*l**3 - 2*l**2 + l. Let u be y(2). Suppose b = -2*p + 29, 2*b = -0 + u. List the prime factors of p.
2, 3
Suppose 0*o = -5*o - 15. List the prime factors of -1 + 3 - 1*o.
5
Let l(b) = b + 205. List the prime factors of l(0).
5, 41
Let h be (10/15)/((-2)/3). Let y(j) = 5*j - 1. Let w be y(h). What are the prime factors of 54/(-4)*4/w?
3
Let w = 16 + 0. Suppose -w = -l + 7. Suppose -4*k - h + l = 0, 0*h = 5*k + h - 29. List the prime factors of k.
2, 3
Let c(w) = -w**3 - 12*w**2 + 16*w - 26. What are the prime factors of c(-15)?
409
Let v(s) = -s**2 + 13*s + 34. List the prime factors of v(15).
2
Let v(d) be the first derivative of -3*d**2/2 + 3*d + 9. Let l = -2 + -2. What are the prime factors of v(l)?
3, 5
Let r be 2/(-2) + 4 + 1. Suppose -8 = -r*q + 3*g - 2*g, 3*q + 4*g - 6 = 0. What are the prime factors of q?
2
Suppose -2*j + 7*w + 46 = 3*w, j - 5